2 - 2. Let o be r(-1). Suppose -30 - 57 = -3*s - 2*q, q = -s + o. List the prime factors of s.
31
Suppose 3*x = x + 1968. Suppose 34*q - 30*q - x = 0. What are the prime factors of q?
2, 3, 41
Suppose 5016 = 4*z + 4*u, 0*z - z = -6*u - 1226. List the prime factors of z.
2, 5
What are the prime factors of (-16)/(-200) - 9/((-1125)/65990)?
2, 3, 11
Let n = 354 - 228. Suppose -n = -s - 4*t, 365 = 3*s + t - 2*t. Suppose -4*a - 93 = 5*v - 308, 0 = -3*v - a + s. List the prime factors of v.
3, 13
Suppose 7*f - 2*f = -2*y + 147, -5*y - 4*f + 393 = 0. Suppose -2*g + y = 11. What are the prime factors of -2 + g + (-2 - 0)?
31
Let c(l) be the second derivative of -l**3 - 2*l**2 - 6*l. Let y be c(-2). Suppose 8 = u - y. List the prime factors of u.
2
Let p be (3 - -6)/((-9)/(-6)) + -2. Suppose 2*o + 9 = -3*l, -p*o + 2*l + 7 = -5*o. What are the prime factors of o?
3
Let y(x) = -x**3 - 8*x**2 + 4*x + 0*x**3 + 0*x**3 + 0*x - 5. What are the prime factors of y(-9)?
2, 5
Let a(s) = s**3 + 16*s**2 - 16*s + 23. Let p be a(-17). Suppose -p*g + 311 = -181. List the prime factors of g.
2, 41
Suppose 2535 = 34*t - 29*t. List the prime factors of t.
3, 13
Suppose 3*m - 76 - 8 = -3*k, 3*m = 5*k + 52. Suppose -4*n + 28 = -3*d, m = -d - 4*d + n. Let x = 6 + d. What are the prime factors of x?
2
Let r = -51 - -1076. What are the prime factors of r?
5, 41
Suppose -6*t + 11 + 1 = 0. Suppose 5*r = -t*r + 98. What are the prime factors of r?
2, 7
What are the prime factors of 1 - (-3400)/(-5 - -9)?
23, 37
Suppose 6*c - 379 = 107. Suppose 3*s - 96 = c. Let w = -17 + s. List the prime factors of w.
2, 3, 7
Let t(r) = -120*r - 3. Let l be t(-3). Suppose 0 = -4*b + l - 13. Suppose 5*u = 54 + b. List the prime factors of u.
2, 7
Suppose 5*q = -2*o + 1023, -13*q + 611 = -10*q + 4*o. List the prime factors of q.
5, 41
Let p(n) = n**2 + 8*n + 37. Let i be p(-5). Let d(s) = 8*s**2 - s. Let t be d(-2). Let u = t - i. List the prime factors of u.
2, 3
Let q = 48 + -46. Let c(a) = -2*a + 4 + 4 - 5 + 6*a**2. List the prime factors of c(q).
23
List the prime factors of 96396/27 + (190/(-45) - -4).
2, 3, 5, 7, 17
Let l be (4/(-3))/(-1)*1650/(-44). Let w = l + 54. What are the prime factors of w?
2
Let l(x) = 110*x**3 - 3*x**2 + 2*x. Let j be l(1). Suppose -4*d - 3*f = -5*d + j, 2*f + 571 = 5*d. List the prime factors of d.
5, 23
Suppose 0 = c - 2*i - 364, 3*c + i = 3*i + 1096. Let x = c - 226. What are the prime factors of x?
2, 5, 7
Let s(k) = 12*k**2 + 5*k - 2. Suppose 5*n + 4 = 19. What are the prime factors of s(n)?
11
Let b(k) = k**2 + 1. What are the prime factors of b(-14)?
197
Suppose -2*g - 6*g = -2936. List the prime factors of g.
367
Let v be 3*(-26)/6*-2. Let s = v + -21. What are the prime factors of s?
5
Let i(p) = -5*p**2 - 5*p - 24. Let c(y) = -y**2 - y + 1. Let t(z) = 4*c(z) - i(z). Let g be t(0). Let v = g + -11. List the prime factors of v.
17
Suppose -4*i = 1090 + 1326. Let k = i - -856. What are the prime factors of k?
2, 3, 7
Suppose 7*b - 18*b + 33 = 0. Suppose 550 = -b*s + 13*s. What are the prime factors of s?
5, 11
Suppose 0 = 13*t + t - 2436. List the prime factors of t.
2, 3, 29
Let s = 40 - 23. Suppose -s*k = -13*k - 212. What are the prime factors of k?
53
Let m(c) = 27*c**2 + 2*c + 1. Let b be m(-2). Let a = -61 + b. What are the prime factors of a?
2, 11
Let t = 277 + -323. Let l be 2 + (2/(-2) - -79). Let q = l + t. What are the prime factors of q?
2, 17
Let l(w) = -w**3 - 6*w**2 - 5*w. Let v be l(-5). Suppose -15*d + 2424 + 1146 = v. What are the prime factors of d?
2, 7, 17
Let b be ((-12)/36)/(1/(-45)). Suppose b + 5 = 5*q. Suppose 2*c + 2 = -2*d + 5*c, 0 = -d - c + q. What are the prime factors of d?
2
Let g(u) = u**2 + 8*u - 10. Let t be g(-9). Let m be t + 3 + 1 + 1. Suppose 3*c - 5*p = 32, 3*c = 2*c + m*p + 6. What are the prime factors of c?
2, 7
Suppose 0 = 8*n + 66*n - 239834. List the prime factors of n.
7, 463
Suppose -2*q - 752 = -6*q. Suppose q = -5*p - k, -2*p + 6*p = -3*k - 146. Let x = 57 + p. List the prime factors of x.
19
Let j be 106/9 - (-12)/54. Let c = 33 - j. Let m = 2 + c. List the prime factors of m.
23
Suppose 2*b - y + 2 = 0, -3*y - 3 = -b + 1. Let c be 6/(3 + (-3 - b)). Suppose r + 2*r = -m + 55, -3*m = c*r - 63. List the prime factors of r.
17
Suppose -13*l = -17*l + 700. List the prime factors of l.
5, 7
Let v(a) = a - 32. Let r be v(-13). List the prime factors of (18/r)/((-2)/330).
2, 3, 11
Let l be (-9)/3 + -1 + -2. Let t(j) = -19*j. List the prime factors of t(l).
2, 3, 19
Let y be 2/(-10) - 304/(-20). Let f = 20 - y. What are the prime factors of f?
5
Let q(o) = -2*o + 4. Suppose -28 = i - 0*i. Let r = i + 20. List the prime factors of q(r).
2, 5
Suppose 9*d - 5 = 4*d. List the prime factors of ((-248)/(-16))/(d/2).
31
Let u be 392/5 + (-16)/40. Suppose u = g + 21. List the prime factors of g.
3, 19
Suppose -6 = 4*t - 46. Let h(d) = d - 2. Let a(j) = j - 3. Let v(y) = t*h(y) - 4*a(y). List the prime factors of v(8).
2, 5
Suppose -3*g - 3 + 9 = 0. Let x be 18/30 + (-24)/(-10). Suppose s - 90 = -g*s - 3*w, x*s - w - 94 = 0. List the prime factors of s.
31
Let a(f) = -f**2 - 8*f - 13. Let c be a(-5). Let h = c - -26. List the prime factors of h.
2, 7
List the prime factors of -5 - (9 + -7) - -1231*1.
2, 3, 17
Let d(b) = 3*b**3. Let a be d(1). Suppose -74 - 193 = -a*z. Let s = z + -23. What are the prime factors of s?
2, 3, 11
Let k be 15/(-10)*20/(-6). Suppose 10*n - k*n = 20. List the prime factors of n*(15/2 - 3).
2, 3
Let w = 28 + -24. Let t(i) = -7 + i**2 - 5 - w + 3*i + 18. List the prime factors of t(-6).
2, 5
Let x(j) = 12*j - j - j + 1. Suppose 3 = -3*v + 4*p + 20, 10 = -5*p. What are the prime factors of x(v)?
31
Let k(c) = 11*c - 7. Let z be k(1). Suppose -3*s = z*d - 546, 3*s + 370 - 106 = 2*d. List the prime factors of d.
3, 5
Let j(o) = 2*o - 9. Let n be j(4). Let v(w) = 12*w**2 - 3*w - 2. Let p be v(n). Suppose 4*k - 209 = -p. What are the prime factors of k?
7
Let w = 2754 + -1020. What are the prime factors of w?
2, 3, 17
Let o(a) = -24*a + 4. Let s(b) = -23*b + 3. Let x(n) = -3*o(n) + 2*s(n). Let u = 12 - 9. List the prime factors of x(u).
2, 3
Let z(s) = 2*s - 34. Let x be z(0). List the prime factors of (-8)/20*x*(0 - -5).
2, 17
Suppose -5*v = -5*r - 755, -v + 4*r + 149 = 5*r. Suppose -m + v = 4*m. What are the prime factors of m?
2, 3, 5
Suppose -2*u = s - 181, -8*s + 5*u + 698 = -4*s. List the prime factors of s.
3, 59
Let y = -254 + 394. Suppose -y = 4*k - 9*k. Suppose 3*w + j = 98, -5*w + k = 3*j - 134. What are the prime factors of w?
3, 11
Let o(q) = -q**2 - 7*q. Let x be o(-5). Let y = x - 6. Suppose 3*a - 2*a - 49 = -2*v, 172 = y*a - 4*v. List the prime factors of a.
3, 5
Suppose 8*x = 13*x - 135. Suppose 5*b + 31 = -2*f, 8*f + 10 = b + 3*f. Let r = x + b. List the prime factors of r.
2, 11
What are the prime factors of (-1)/(-4) + (-18110)/(-40)?
3, 151
Suppose 2*n = -152 + 1096. List the prime factors of n.
2, 59
Suppose 5*h = -4*j - 2700, -2*j = -h - 469 - 57. Let l = -241 - h. List the prime factors of l.
5, 59
Suppose 134 = 4*f - 790. Let q = f - 151. What are the prime factors of q?
2, 5
Let b be (-9)/(-6)*(-240)/(-9). Suppose -4*y = y - 760. Suppose b = -4*k + y. List the prime factors of k.
2, 7
Let b be 2 + (57 - -4) - 1. Suppose d - b - 19 = 0. List the prime factors of d.
3
Let f(q) = 43*q - 18. Let r be f(4). Suppose r + 820 = 5*w + b, 3*w - 2*b - 587 = 0. List the prime factors of w.
3, 5, 13
Let t = 2858 + -60. What are the prime factors of t?
2, 1399
Let z(h) = h**3 - 9*h**2 + h. Let w be z(9). Let p(l) = -2*l + 5. Let x(b) = b - 1. Let n(m) = p(m) + 6*x(m). What are the prime factors of n(w)?
5, 7
Let m(i) = -4*i**3 - 4*i**2 + i + 5. Suppose 3*h + 19 = 2*w, w - 14 = 5*h + 6. What are the prime factors of m(h)?
2, 37
Let j be ((-240)/(-5))/(-2) - -4. Let d = 20 - 45. What are the prime factors of (d/j)/((-3)/(-12))?
5
Suppose -1 = 5*k - 26. Let n = -4 + k. Suppose 14 = d - n. List the prime factors of d.
3, 5
Let f(y) = y**2 + 3*y - 40. Let w be f(5). What are the prime factors of 276 - w/(-2 - 1)?
2, 3, 23
Let p(o) = 2*o**3 - 31*o**2 + 3*o + 29. Let h(b) = -b**3 + 16*b**2 - b - 14. Let t(u) = 11*h(u) + 6*p(u). List the prime factors of t(10).
2, 3, 5
Suppose -10*n = -n - 126